{"id":928,"date":"2025-11-25T21:17:37","date_gmt":"2025-11-25T20:17:37","guid":{"rendered":"https:\/\/heimatverein-freckenhorst.de\/1175\/?page_id=928"},"modified":"2026-03-25T23:23:48","modified_gmt":"2026-03-25T22:23:48","slug":"freckenhorster-talente","status":"publish","type":"page","link":"https:\/\/heimatverein-freckenhorst.de\/1175\/programmpunkte\/freckenhorster-talente\/","title":{"rendered":"Talent-Wettbewerb"},"content":{"rendered":"<div data-colibri-id=\"928-c1\" class=\"style-732 style-local-928-c1 position-relative\">\n  <!---->\n  <div data-colibri-component=\"section\" data-colibri-id=\"928-c2\" id=\"blank\" class=\"h-section h-section-global-spacing d-flex align-items-lg-center align-items-md-center align-items-center style-813 style-local-928-c2 position-relative\">\n    <!---->\n    <!---->\n    <div class=\"h-section-grid-container h-section-boxed-container\">\n      <!---->\n      <div data-colibri-id=\"928-c21\" class=\"h-row-container gutters-row-lg-0 gutters-row-md-0 gutters-row-0 gutters-row-v-lg-0 gutters-row-v-md-0 gutters-row-v-0 style-918 style-local-928-c21 position-relative\">\n        <!---->\n        <div class=\"h-row justify-content-lg-center justify-content-md-center justify-content-center align-items-lg-stretch align-items-md-stretch align-items-stretch gutters-col-lg-0 gutters-col-md-0 gutters-col-0 gutters-col-v-lg-0 gutters-col-v-md-0 gutters-col-v-0\">\n          <!---->\n          <div class=\"h-column h-column-container d-flex h-col-lg-auto h-col-md-auto h-col-auto style-920-outer style-local-928-c23-outer\">\n            <div data-colibri-id=\"928-c23\" class=\"d-flex h-flex-basis h-column__inner h-px-lg-1 h-px-md-1 h-px-1 v-inner-lg-1 v-inner-md-1 v-inner-1 style-920 style-local-928-c23 position-relative\">\n              <!---->\n              <!---->\n              <div class=\"w-100 h-y-container h-column__content h-column__v-align flex-basis-100 align-self-lg-start align-self-md-start align-self-start\">\n                <!---->\n                <div data-colibri-id=\"928-c5\" class=\"h-global-transition-all h-heading style-821 style-local-928-c5 position-relative h-element\">\n                  <!---->\n                  <div class=\"h-heading__outer style-821 style-local-928-c5\">\n                    <!---->\n                    <!---->\n                    <h3 class=\"\">&#8222;Freckenhorster Talente&#8220;<\/h3>\n                  <\/div>\n                <\/div>\n              <\/div>\n            <\/div>\n          <\/div>\n        <\/div>\n      <\/div>\n      <div data-colibri-id=\"928-c17\" class=\"h-row-container gutters-row-lg-0 gutters-row-md-0 gutters-row-0 gutters-row-v-lg-0 gutters-row-v-md-0 gutters-row-v-0 style-914 style-local-928-c17 position-relative\">\n        <!---->\n        <div class=\"h-row justify-content-lg-center justify-content-md-center justify-content-center align-items-lg-stretch align-items-md-stretch align-items-stretch gutters-col-lg-0 gutters-col-md-0 gutters-col-0 gutters-col-v-lg-0 gutters-col-v-md-0 gutters-col-v-0\">\n          <!---->\n          <div class=\"h-column h-column-container d-flex h-col-lg-auto h-col-md-auto h-col-auto style-915-outer style-local-928-c18-outer\">\n            <div data-colibri-id=\"928-c18\" class=\"d-flex h-flex-basis h-column__inner h-px-lg-0 h-px-md-0 h-px-0 v-inner-lg-0 v-inner-md-0 v-inner-0 style-915 style-local-928-c18 position-relative\">\n              <!---->\n              <!---->\n              <div class=\"w-100 h-y-container h-column__content h-column__v-align flex-basis-100 align-self-lg-start align-self-md-start align-self-start\">\n                <!---->\n                <div data-colibri-id=\"928-c20\" class=\"d-block style-917 style-local-928-c20 position-relative h-element\">\n                  <!---->\n                  <div class=\"h-image__frame-container-outer\">\n                    <div class=\"h-image__frame-container\">\n                      <!---->\n                      <!---->\n                      <img loading=\"lazy\" decoding=\"async\" width=\"768\" height=\"512\" src=\"https:\/\/heimatverein-freckenhorst.de\/1175\/wp-content\/uploads\/2026\/03\/1000053734.jpg\" class=\"wp-image-2670 style-917-image style-local-928-c20-image\" alt=\"\" srcset=\"https:\/\/heimatverein-freckenhorst.de\/1175\/wp-content\/uploads\/2026\/03\/1000053734.jpg 768w, https:\/\/heimatverein-freckenhorst.de\/1175\/wp-content\/uploads\/2026\/03\/1000053734-300x200.jpg 300w\" sizes=\"auto, (max-width: 768px) 100vw, 768px\" \/>\n                      <div class=\"h-image__frame h-hide-lg h-hide-md h-hide-sm style-917-frameImage style-local-928-c20-frameImage\"><\/div>\n                    <\/div>\n                  <\/div>\n                <\/div>\n              <\/div>\n            <\/div>\n          <\/div>\n        <\/div>\n      <\/div>\n      <div data-colibri-id=\"928-c6\" class=\"h-row-container gutters-row-lg-2 gutters-row-md-2 gutters-row-0 gutters-row-v-lg-2 gutters-row-v-md-2 gutters-row-v-2 style-822 style-local-928-c6 position-relative\">\n        <!---->\n        <div class=\"h-row justify-content-lg-center justify-content-md-center justify-content-center align-items-lg-stretch align-items-md-stretch align-items-stretch gutters-col-lg-2 gutters-col-md-2 gutters-col-0 gutters-col-v-lg-2 gutters-col-v-md-2 gutters-col-v-2\">\n          <!---->\n          <div class=\"h-column h-column-container d-flex h-col-lg-auto h-col-md-auto h-col-auto style-823-outer style-local-928-c7-outer\">\n            <div data-colibri-id=\"928-c7\" class=\"d-flex h-flex-basis h-column__inner h-px-lg-2 h-px-md-2 h-px-2 v-inner-lg-2 v-inner-md-2 v-inner-2 style-823 style-local-928-c7 position-relative\">\n              <!---->\n              <!---->\n              <div class=\"w-100 h-y-container h-column__content h-column__v-align flex-basis-100 align-self-lg-start align-self-md-start align-self-start\">\n                <!---->\n                <div data-colibri-id=\"928-c8\" class=\"d-block style-826 style-local-928-c8 position-relative h-element\">\n                  <!---->\n                  <div class=\"h-image__frame-container-outer\">\n                    <div class=\"h-image__frame-container\">\n                      <!---->\n                      <!---->\n                      <img loading=\"lazy\" decoding=\"async\" width=\"1024\" height=\"1536\" src=\"https:\/\/heimatverein-freckenhorst.de\/1175\/wp-content\/uploads\/2026\/02\/Talentwettbewerb_2.jpg\" class=\"wp-image-1509 style-826-image style-local-928-c8-image\" alt=\"\" srcset=\"https:\/\/heimatverein-freckenhorst.de\/1175\/wp-content\/uploads\/2026\/02\/Talentwettbewerb_2.jpg 1024w, https:\/\/heimatverein-freckenhorst.de\/1175\/wp-content\/uploads\/2026\/02\/Talentwettbewerb_2-200x300.jpg 200w, https:\/\/heimatverein-freckenhorst.de\/1175\/wp-content\/uploads\/2026\/02\/Talentwettbewerb_2-683x1024.jpg 683w, https:\/\/heimatverein-freckenhorst.de\/1175\/wp-content\/uploads\/2026\/02\/Talentwettbewerb_2-768x1152.jpg 768w\" sizes=\"auto, (max-width: 1024px) 100vw, 1024px\" \/>\n                      <div class=\"h-image__frame h-hide-lg h-hide-md h-hide-sm style-826-frameImage style-local-928-c8-frameImage\"><\/div>\n                    <\/div>\n                  <\/div>\n                <\/div>\n              <\/div>\n            <\/div>\n          <\/div>\n          <div class=\"h-column h-column-container d-flex h-col-lg-auto h-col-md-auto h-col-auto style-824-outer style-local-928-c9-outer\">\n            <div data-colibri-id=\"928-c9\" class=\"d-flex h-flex-basis h-column__inner h-px-lg-2 h-px-md-2 h-px-2 v-inner-lg-2 v-inner-md-2 v-inner-2 style-824 style-local-928-c9 position-relative\">\n              <!---->\n              <!---->\n              <div class=\"w-100 h-y-container h-column__content h-column__v-align flex-basis-100 align-self-lg-start align-self-md-start align-self-start\">\n                <!---->\n                <div data-colibri-id=\"928-c10\" class=\"h-text h-text-component style-825 style-local-928-c10 position-relative h-element\">\n                  <!---->\n                  <!---->\n                  <div class=\"\">\n                    <p>&#8222;<em style=\"font-weight: 600;\">Ich habe schon immer den Wunsch gehabt, Menschen eine B\u00fchne zu geben, die vielleicht sonst nie die Gelegenheit erhalten, ihr pers\u00f6nliches Talent einem gr\u00f6\u00dferen Publikum zu zeigen<\/em>&#8222;- so Claudia Nagel,\n                      die gemeinsam mit den Freckenhorster Jubil\u00e4ums-Akteuren das Event &#8222;Freckenhorster Talente&#8220; ins Leben gerufen hat.<\/p>\n                    <p>Das Motto lautet:<\/p>\n                    <p>Jeder kann mitmachen&#8230; von 7 &#8211; 107 Jahren,\n                      <br>und sein Talent auf der tollen Aktionsb\u00fchne zeigen.<\/p>\n                    <p>Ob alleine (Single), zu zweit (Duo), oder in einer kleinen Gruppe bis 5 Personen (Small-Group) &#8211; im Wettbewerb sind mit ein bisschen Gl\u00fcck zu dem tolle Preise zu gewinnen und Freckenhorst freut sich \u00fcber Bewerbungen z.B. aus den Bereichen\n                      Sport \/ Artistik, Zauberei, Tanz, Gesang, Poetry-Slam und vielem mehr.<\/p>\n                    <p>Der Talentwettbewerb verspricht f\u00fcr Teilnehmende und Besucher ein spannendes und unterhaltsames Programm f\u00fcr Jung und Alt.<\/p>\n                    <p>Weitere Infos und Anmeldung hier:<\/p>\n                  <\/div>\n                <\/div>\n                <div data-colibri-id=\"928-c11\" class=\"h-x-container style-827 style-local-928-c11 position-relative h-element\">\n                  <!---->\n                  <div class=\"h-x-container-inner style-dynamic-928-c11-group style-827-spacing style-local-928-c11-spacing\"><span class=\"h-link__outer style-828-outer style-local-928-c12-outer d-inline-flex h-element\"><a h-use-smooth-scroll=\"true\" href=\"https:\/\/www.freckenhorster-talentwettbewerb.de\"  data-colibri-id=\"928-c12\" class=\"d-flex w-100 align-items-center h-link style-828 style-local-928-c12 position-relative\"><!----><!----> <span>Freckenhorster Talentwettbewerb<\/span><\/a>\n                    <\/span>\n                  <\/div>\n                <\/div>\n              <\/div>\n            <\/div>\n          <\/div>\n        <\/div>\n      <\/div>\n    <\/div>\n  <\/div>\n<\/div>","protected":false},"excerpt":{"rendered":"<p>&#8222;Freckenhorster Talente&#8220; &#8222;Ich habe schon immer den Wunsch gehabt, Menschen eine B\u00fchne zu [&hellip;]<\/p>\n","protected":false},"author":1,"featured_media":0,"parent":239,"menu_order":5,"comment_status":"closed","ping_status":"closed","template":"page-templates\/full-width-page.php","meta":{"footnotes":""},"class_list":["post-928","page","type-page","status-publish","hentry"],"_links":{"self":[{"href":"https:\/\/heimatverein-freckenhorst.de\/1175\/wp-json\/wp\/v2\/pages\/928","targetHints":{"allow":["GET"]}}],"collection":[{"href":"https:\/\/heimatverein-freckenhorst.de\/1175\/wp-json\/wp\/v2\/pages"}],"about":[{"href":"https:\/\/heimatverein-freckenhorst.de\/1175\/wp-json\/wp\/v2\/types\/page"}],"author":[{"embeddable":true,"href":"https:\/\/heimatverein-freckenhorst.de\/1175\/wp-json\/wp\/v2\/users\/1"}],"replies":[{"embeddable":true,"href":"https:\/\/heimatverein-freckenhorst.de\/1175\/wp-json\/wp\/v2\/comments?post=928"}],"version-history":[{"count":18,"href":"https:\/\/heimatverein-freckenhorst.de\/1175\/wp-json\/wp\/v2\/pages\/928\/revisions"}],"predecessor-version":[{"id":2672,"href":"https:\/\/heimatverein-freckenhorst.de\/1175\/wp-json\/wp\/v2\/pages\/928\/revisions\/2672"}],"up":[{"embeddable":true,"href":"https:\/\/heimatverein-freckenhorst.de\/1175\/wp-json\/wp\/v2\/pages\/239"}],"wp:attachment":[{"href":"https:\/\/heimatverein-freckenhorst.de\/1175\/wp-json\/wp\/v2\/media?parent=928"}],"curies":[{"name":"wp","href":"https:\/\/api.w.org\/{rel}","templated":true}]}}