{"id":351,"date":"2025-09-28T15:56:08","date_gmt":"2025-09-28T13:56:08","guid":{"rendered":"http:\/\/localhost\/wordpress\/?page_id=351"},"modified":"2026-04-15T18:23:46","modified_gmt":"2026-04-15T16:23:46","slug":"kreuzungsfest","status":"publish","type":"page","link":"https:\/\/heimatverein-freckenhorst.de\/1175\/programmpunkte\/kreuzungsfest\/","title":{"rendered":"Kreuzungsfest"},"content":{"rendered":"<div data-colibri-id=\"351-c1\" class=\"style-1005 style-local-351-c1 position-relative\">\n  <!---->\n  <div data-colibri-component=\"section\" data-colibri-id=\"351-c2\" id=\"custom-2\" class=\"h-section h-section-global-spacing d-flex align-items-lg-center align-items-md-center align-items-center style-943 style-local-351-c2 position-relative\">\n    <!---->\n    <!---->\n    <div class=\"h-section-grid-container h-section-fluid-container\">\n      <!---->\n      <div data-colibri-id=\"351-c3\" class=\"h-row-container gutters-row-lg-2 gutters-row-md-2 gutters-row-0 gutters-row-v-lg-2 gutters-row-v-md-2 gutters-row-v-2 style-944 style-local-351-c3 position-relative\">\n        <!---->\n        <div class=\"h-row justify-content-lg-center justify-content-md-center justify-content-center align-items-lg-stretch align-items-md-stretch align-items-stretch gutters-col-lg-2 gutters-col-md-2 gutters-col-0 gutters-col-v-lg-2 gutters-col-v-md-2 gutters-col-v-2\">\n          <!---->\n          <div class=\"h-column h-column-container d-flex h-col-lg-auto h-col-md-auto h-col-auto style-945-outer style-local-351-c4-outer\">\n            <div data-colibri-id=\"351-c4\" class=\"d-flex h-flex-basis h-column__inner h-px-lg-2 h-px-md-2 h-px-2 v-inner-lg-2 v-inner-md-2 v-inner-2 style-945 style-local-351-c4 position-relative\">\n              <!---->\n              <!---->\n              <div class=\"w-100 h-y-container h-column__content h-column__v-align flex-basis-100 align-self-lg-center align-self-md-center align-self-center\">\n                <!---->\n                <div data-colibri-id=\"351-c5\" class=\"d-block style-1168 style-local-351-c5 position-relative h-element\">\n                  <!---->\n                  <div class=\"h-image__frame-container-outer\">\n                    <div class=\"h-image__frame-container\">\n                      <!---->\n                      <!---->\n                      <img loading=\"lazy\" decoding=\"async\" width=\"1296\" height=\"972\" src=\"https:\/\/heimatverein-freckenhorst.de\/1175\/wp-content\/uploads\/2026\/04\/Bild_2026-04-15_180522723.png\" class=\"wp-image-3275 style-1168-image style-local-351-c5-image\" alt=\"\" srcset=\"https:\/\/heimatverein-freckenhorst.de\/1175\/wp-content\/uploads\/2026\/04\/Bild_2026-04-15_180522723.png 1296w, https:\/\/heimatverein-freckenhorst.de\/1175\/wp-content\/uploads\/2026\/04\/Bild_2026-04-15_180522723-300x225.png 300w, https:\/\/heimatverein-freckenhorst.de\/1175\/wp-content\/uploads\/2026\/04\/Bild_2026-04-15_180522723-1024x768.png 1024w, https:\/\/heimatverein-freckenhorst.de\/1175\/wp-content\/uploads\/2026\/04\/Bild_2026-04-15_180522723-768x576.png 768w\" sizes=\"auto, (max-width: 1296px) 100vw, 1296px\" \/>\n                      <div class=\"h-image__frame h-hide-lg h-hide-md h-hide-sm style-1168-frameImage style-local-351-c5-frameImage\"><\/div>\n                    <\/div>\n                  <\/div>\n                <\/div>\n              <\/div>\n            <\/div>\n          <\/div>\n          <div class=\"h-column h-column-container d-flex h-col-lg-auto h-col-md-auto h-col-auto style-946-outer style-local-351-c6-outer\">\n            <div data-colibri-id=\"351-c6\" class=\"d-flex h-flex-basis h-column__inner h-px-lg-2 h-px-md-2 h-px-2 v-inner-lg-2 v-inner-md-2 v-inner-2 style-946 style-local-351-c6 position-relative\">\n              <!---->\n              <!---->\n              <div class=\"w-100 h-y-container h-column__content h-column__v-align flex-basis-100 align-self-lg-start align-self-md-start align-self-start\">\n                <!---->\n                <div data-colibri-id=\"351-c7\" class=\"h-text h-text-component style-947 style-local-351-c7 position-relative h-element\">\n                  <!---->\n                  <!---->\n                  <div class=\"\">\n                    <p>Am Sonntag, den 10. Mai 2026 wird der Kreuzungsbereich Warendorfer Stra\u00dfe \/ Gevastra\u00dfe \/ G\u00e4nsestra\u00dfe zu einem Ort der besonderen Begegnung. Dort entsteht eine gro\u00dfe Tafel mit Tischen und B\u00e4nken \u2013 in Form eines Kreuzes aufgebaut \u2013 als\n                      sichtbares Zeichen unseres Mottos:<\/p>\n                    <p><strong style=\"font-weight: 800;\">\u201eWo Wege sich kreuzen, w\u00e4chst Gemeinschaft \u2013 Fest der Begegnung\u201c<\/strong><\/p>\n                    <p>Stra\u00dfen treffen hier aufeinander \u2013 und mit ihnen Menschen, Geschichten, Kulturen und Glaubensrichtungen. Genau das m\u00f6chten wir feiern: das Miteinander in Vielfalt und den respektvollen Austausch auf Augenh\u00f6he.<\/p>\n                    <p>Die Idee ist so einfach wie verbindend:<\/p>\n                    <p>Jede Teilnehmerin und jeder Teilnehmer bringt Speisen und Getr\u00e4nke selbst mit. So entsteht eine bunte, lebendige Tischgemeinschaft, bei der geteilt, probiert, gelacht und miteinander gesprochen wird. Unterschiedliche Traditionen und\n                      Geschm\u00e4cker kommen zusammen \u2013 und machen unsere Heimat noch reicher.<\/p>\n                    <p>\n                      <br>\n                    <\/p>\n                  <\/div>\n                <\/div>\n              <\/div>\n            <\/div>\n          <\/div>\n        <\/div>\n      <\/div>\n      <div data-colibri-id=\"351-c8\" class=\"h-row-container gutters-row-lg-2 gutters-row-md-2 gutters-row-0 gutters-row-v-lg-2 gutters-row-v-md-2 gutters-row-v-2 style-1210 style-local-351-c8 position-relative\">\n        <!---->\n        <div class=\"h-row justify-content-lg-center justify-content-md-center justify-content-center align-items-lg-stretch align-items-md-stretch align-items-stretch gutters-col-lg-2 gutters-col-md-2 gutters-col-0 gutters-col-v-lg-2 gutters-col-v-md-2 gutters-col-v-2\">\n          <!---->\n          <div class=\"h-column h-column-container d-flex h-col-lg-auto h-col-md-auto h-col-auto style-1211-outer style-local-351-c9-outer\">\n            <div data-colibri-id=\"351-c9\" class=\"d-flex h-flex-basis h-column__inner h-px-lg-2 h-px-md-2 h-px-2 v-inner-lg-2 v-inner-md-2 v-inner-2 style-1211 style-local-351-c9 position-relative\">\n              <!---->\n              <!---->\n              <div class=\"w-100 h-y-container h-column__content h-column__v-align flex-basis-100 align-self-lg-start align-self-md-start align-self-start\">\n                <!---->\n                <div data-colibri-id=\"351-c10\" class=\"h-text h-text-component style-1216 style-local-351-c10 position-relative h-element\">\n                  <!---->\n                  <!---->\n                  <div class=\"\">\n                    <p>Begleitet wird das Fest von stimmungsvoller Livemusik, die f\u00fcr eine fr\u00f6hliche und einladende Atmosph\u00e4re sorgt:<\/p>\n                  <\/div>\n                <\/div>\n                <div data-colibri-id=\"351-c23\" class=\"h-text h-text-component style-1229 style-local-351-c23 position-relative h-element\">\n                  <!---->\n                  <!---->\n                  <div class=\"\">\n                    <ul>\n                      <li class=\"ql-indent-3\">SoundArt<\/li>\n                      <li class=\"ql-indent-3\">Walking Sax Duo<\/li>\n                      <li class=\"ql-indent-3\">Levcatho<\/li>\n                    <\/ul>\n                  <\/div>\n                <\/div>\n                <div data-colibri-id=\"351-c11\" class=\"h-text h-text-component style-1213 style-local-351-c11 position-relative h-element\">\n                  <!---->\n                  <!---->\n                  <div class=\"\">\n                    <p>Eingeladen sind alle \u2013 jung und alt, unabh\u00e4ngig von Herkunft, Kultur oder Religion.<\/p>\n                    <p>Unser Kreuzungsfest ist ein offenes Zeichen f\u00fcr Toleranz, Respekt und gelebten Zusammenhalt.<\/p>\n                    <p>Die Teilnahme ist kostenlos.<\/p>\n                  <\/div>\n                <\/div>\n                <div data-colibri-id=\"351-c24\" class=\"h-global-transition-all h-heading style-1230 style-local-351-c24 position-relative h-element\">\n                  <!---->\n                  <div class=\"h-heading__outer style-1230 style-local-351-c24\">\n                    <!---->\n                    <!---->\n                    <h5 class=\"\">Wann? Sonntag, 10. Mai 2026, 10:00 \u2013 16:00 Uhr\n                      <br>Wo? Kreuzung Warendorfer Stra\u00dfe \/ Gevastra\u00dfe \/ G\u00e4nsestra\u00dfe<\/h5>\n                  <\/div>\n                <\/div>\n                <div data-colibri-id=\"351-c25\" class=\"h-text h-text-component style-1231 style-local-351-c25 position-relative h-element\">\n                  <!---->\n                  <!---->\n                  <div class=\"\">\n                    <p>Bringen Sie Ihre Familie, Freunde und Nachbarn mit \u2013 und werden Sie Teil unseres gemeinsamen Festes der Begegnung &#8211; denn: Wo Wege sich kreuzen, entsteht Gemeinschaft.<\/p>\n                    <p>Wir freuen uns auf Sie!<\/p>\n                  <\/div>\n                <\/div>\n              <\/div>\n            <\/div>\n          <\/div>\n          <div class=\"h-column h-column-container d-flex h-col-lg-auto h-col-md-auto h-col-auto style-1212-outer style-local-351-c12-outer\">\n            <div data-colibri-id=\"351-c12\" class=\"d-flex h-flex-basis h-column__inner h-px-lg-2 h-px-md-2 h-px-2 v-inner-lg-2 v-inner-md-2 v-inner-2 style-1212 style-local-351-c12 position-relative\">\n              <!---->\n              <!---->\n              <div class=\"w-100 h-y-container h-column__content h-column__v-align flex-basis-100 align-self-lg-center align-self-md-center align-self-center\">\n                <!---->\n                <div data-colibri-id=\"351-c13\" class=\"h-divider style-1224 style-local-351-c13 position-relative h-element\">\n                  <!----><span class=\"h-divider__line style-1224-line style-local-351-c13-line style-1224-line style-local-351-c13-line\"><\/span> <span class=\"h-svg-icon h-divider__icon style-1224-icon style-local-351-c13-icon\"><!--Icon by Font Awesome (https:\/\/fontawesome.com)-->\n    <svg version=\"1.1\" xmlns=\"http:\/\/www.w3.org\/2000\/svg\" xmlns:xlink=\"http:\/\/www.w3.org\/1999\/xlink\" id=\"music\" viewBox=\"0 0 1536 1896.0833\">\n      <path d=\"M1536 224v1120q0 50-34 89t-86 60.5-103.5 32-96.5 10.5-96.5-10.5-103.5-32-86-60.5-34-89 34-89 86-60.5 103.5-32 96.5-10.5q105 0 192 39V654L640 891v709q0 50-34 89t-86 60.5-103.5 32T320 1792t-96.5-10.5-103.5-32-86-60.5-34-89 34-89 86-60.5 103.5-32T320 1408q105 0 192 39V480q0-31 19-56.5t49-35.5l832-256q12-4 28-4 40 0 68 28t28 68z\"><\/path>\n    <\/svg><\/span> <span class=\"h-divider__line style-1224-line style-local-351-c13-line style-1224-line style-local-351-c13-line\"><\/span><\/div>\n                <div data-colibri-id=\"351-c14\" class=\"h-text h-text-component style-1217 style-local-351-c14 position-relative h-element\">\n                  <!---->\n                  <!---->\n                  <div class=\"\">\n                    <p>SoundArt<\/p>\n                  <\/div>\n                <\/div>\n                <div data-colibri-id=\"351-c15\" class=\"d-block style-1215 style-local-351-c15 position-relative h-element\">\n                  <!---->\n                  <div class=\"h-image__frame-container-outer\">\n                    <div class=\"h-image__frame-container\">\n                      <!---->\n                      <!---->\n                      <img loading=\"lazy\" decoding=\"async\" width=\"1086\" height=\"649\" src=\"https:\/\/heimatverein-freckenhorst.de\/1175\/wp-content\/uploads\/2026\/04\/Bild_2026-04-15_180747129.png\" class=\"wp-image-3278 style-1215-image style-local-351-c15-image\" alt=\"\" srcset=\"https:\/\/heimatverein-freckenhorst.de\/1175\/wp-content\/uploads\/2026\/04\/Bild_2026-04-15_180747129.png 1086w, https:\/\/heimatverein-freckenhorst.de\/1175\/wp-content\/uploads\/2026\/04\/Bild_2026-04-15_180747129-300x179.png 300w, https:\/\/heimatverein-freckenhorst.de\/1175\/wp-content\/uploads\/2026\/04\/Bild_2026-04-15_180747129-1024x612.png 1024w, https:\/\/heimatverein-freckenhorst.de\/1175\/wp-content\/uploads\/2026\/04\/Bild_2026-04-15_180747129-768x459.png 768w\" sizes=\"auto, (max-width: 1086px) 100vw, 1086px\" \/>\n                      <div class=\"h-image__frame h-hide-lg h-hide-md h-hide-sm style-1215-frameImage style-local-351-c15-frameImage\"><\/div>\n                    <\/div>\n                  <\/div>\n                <\/div>\n                <div data-colibri-id=\"351-c16\" class=\"h-divider style-1222 style-local-351-c16 position-relative h-element\">\n                  <!----><span class=\"h-divider__line style-1222-line style-local-351-c16-line style-1222-line style-local-351-c16-line\"><\/span> <span class=\"h-svg-icon h-divider__icon style-1222-icon style-local-351-c16-icon\"><!--Icon by Font Awesome (https:\/\/fontawesome.com)-->\n    <svg version=\"1.1\" xmlns=\"http:\/\/www.w3.org\/2000\/svg\" xmlns:xlink=\"http:\/\/www.w3.org\/1999\/xlink\" id=\"music\" viewBox=\"0 0 1536 1896.0833\">\n      <path d=\"M1536 224v1120q0 50-34 89t-86 60.5-103.5 32-96.5 10.5-96.5-10.5-103.5-32-86-60.5-34-89 34-89 86-60.5 103.5-32 96.5-10.5q105 0 192 39V654L640 891v709q0 50-34 89t-86 60.5-103.5 32T320 1792t-96.5-10.5-103.5-32-86-60.5-34-89 34-89 86-60.5 103.5-32T320 1408q105 0 192 39V480q0-31 19-56.5t49-35.5l832-256q12-4 28-4 40 0 68 28t28 68z\"><\/path>\n    <\/svg><\/span> <span class=\"h-divider__line style-1222-line style-local-351-c16-line style-1222-line style-local-351-c16-line\"><\/span><\/div>\n                <div data-colibri-id=\"351-c17\" class=\"h-text h-text-component style-1218 style-local-351-c17 position-relative h-element\">\n                  <!---->\n                  <!---->\n                  <div class=\"\">\n                    <p>Walking Sax Duo<\/p>\n                  <\/div>\n                <\/div>\n                <div data-colibri-id=\"351-c18\" class=\"d-block style-1214 style-local-351-c18 position-relative h-element\">\n                  <!---->\n                  <div class=\"h-image__frame-container-outer\">\n                    <div class=\"h-image__frame-container\">\n                      <!---->\n                      <!---->\n                      <img loading=\"lazy\" decoding=\"async\" width=\"1537\" height=\"1600\" src=\"https:\/\/heimatverein-freckenhorst.de\/1175\/wp-content\/uploads\/2026\/04\/Bild_2026-04-15_180643346.png\" class=\"wp-image-3277 style-1214-image style-local-351-c18-image\" alt=\"\" srcset=\"https:\/\/heimatverein-freckenhorst.de\/1175\/wp-content\/uploads\/2026\/04\/Bild_2026-04-15_180643346.png 1537w, https:\/\/heimatverein-freckenhorst.de\/1175\/wp-content\/uploads\/2026\/04\/Bild_2026-04-15_180643346-288x300.png 288w, https:\/\/heimatverein-freckenhorst.de\/1175\/wp-content\/uploads\/2026\/04\/Bild_2026-04-15_180643346-984x1024.png 984w, https:\/\/heimatverein-freckenhorst.de\/1175\/wp-content\/uploads\/2026\/04\/Bild_2026-04-15_180643346-768x799.png 768w, https:\/\/heimatverein-freckenhorst.de\/1175\/wp-content\/uploads\/2026\/04\/Bild_2026-04-15_180643346-1476x1536.png 1476w\" sizes=\"auto, (max-width: 1537px) 100vw, 1537px\" \/>\n                      <div class=\"h-image__frame h-hide-lg h-hide-md h-hide-sm style-1214-frameImage style-local-351-c18-frameImage\"><\/div>\n                    <\/div>\n                  <\/div>\n                <\/div>\n                <div data-colibri-id=\"351-c19\" class=\"h-divider style-1226 style-local-351-c19 position-relative h-element\">\n                  <!----><span class=\"h-divider__line style-1226-line style-local-351-c19-line style-1226-line style-local-351-c19-line\"><\/span> <span class=\"h-svg-icon h-divider__icon style-1226-icon style-local-351-c19-icon\"><!--Icon by Font Awesome (https:\/\/fontawesome.com)-->\n    <svg version=\"1.1\" xmlns=\"http:\/\/www.w3.org\/2000\/svg\" xmlns:xlink=\"http:\/\/www.w3.org\/1999\/xlink\" id=\"music\" viewBox=\"0 0 1536 1896.0833\">\n      <path d=\"M1536 224v1120q0 50-34 89t-86 60.5-103.5 32-96.5 10.5-96.5-10.5-103.5-32-86-60.5-34-89 34-89 86-60.5 103.5-32 96.5-10.5q105 0 192 39V654L640 891v709q0 50-34 89t-86 60.5-103.5 32T320 1792t-96.5-10.5-103.5-32-86-60.5-34-89 34-89 86-60.5 103.5-32T320 1408q105 0 192 39V480q0-31 19-56.5t49-35.5l832-256q12-4 28-4 40 0 68 28t28 68z\"><\/path>\n    <\/svg><\/span> <span class=\"h-divider__line style-1226-line style-local-351-c19-line style-1226-line style-local-351-c19-line\"><\/span><\/div>\n                <div data-colibri-id=\"351-c20\" class=\"h-text h-text-component style-1219 style-local-351-c20 position-relative h-element\">\n                  <!---->\n                  <!---->\n                  <div class=\"\">\n                    <p>Levcatho<\/p>\n                  <\/div>\n                <\/div>\n                <div data-colibri-id=\"351-c21\" class=\"d-block style-1220 style-local-351-c21 position-relative h-element\">\n                  <!---->\n                  <div class=\"h-image__frame-container-outer\">\n                    <div class=\"h-image__frame-container\">\n                      <!---->\n                      <!---->\n                      <img loading=\"lazy\" decoding=\"async\" width=\"1600\" height=\"1066\" src=\"https:\/\/heimatverein-freckenhorst.de\/1175\/wp-content\/uploads\/2026\/04\/Bild_2026-04-15_181440909.png\" class=\"wp-image-3279 style-1220-image style-local-351-c21-image\" alt=\"\" srcset=\"https:\/\/heimatverein-freckenhorst.de\/1175\/wp-content\/uploads\/2026\/04\/Bild_2026-04-15_181440909.png 1600w, https:\/\/heimatverein-freckenhorst.de\/1175\/wp-content\/uploads\/2026\/04\/Bild_2026-04-15_181440909-300x200.png 300w, https:\/\/heimatverein-freckenhorst.de\/1175\/wp-content\/uploads\/2026\/04\/Bild_2026-04-15_181440909-1024x682.png 1024w, https:\/\/heimatverein-freckenhorst.de\/1175\/wp-content\/uploads\/2026\/04\/Bild_2026-04-15_181440909-768x512.png 768w, https:\/\/heimatverein-freckenhorst.de\/1175\/wp-content\/uploads\/2026\/04\/Bild_2026-04-15_181440909-1536x1023.png 1536w\" sizes=\"auto, (max-width: 1600px) 100vw, 1600px\" \/>\n                      <div class=\"h-image__frame h-hide-lg h-hide-md h-hide-sm style-1220-frameImage style-local-351-c21-frameImage\"><\/div>\n                    <\/div>\n                  <\/div>\n                <\/div>\n                <div data-colibri-id=\"351-c22\" class=\"h-divider style-1228 style-local-351-c22 position-relative h-element\">\n                  <!----><span class=\"h-divider__line style-1228-line style-local-351-c22-line style-1228-line style-local-351-c22-line\"><\/span><\/div>\n              <\/div>\n            <\/div>\n          <\/div>\n        <\/div>\n      <\/div>\n    <\/div>\n  <\/div>\n<\/div>","protected":false},"excerpt":{"rendered":"<p>Am Sonntag, den 10. Mai 2026 wird der Kreuzungsbereich Warendorfer Stra\u00dfe \/ Gevastra\u00dfe [&hellip;]<\/p>\n","protected":false},"author":1,"featured_media":0,"parent":239,"menu_order":7,"comment_status":"closed","ping_status":"closed","template":"page-templates\/full-width-page.php","meta":{"footnotes":""},"class_list":["post-351","page","type-page","status-publish","hentry"],"_links":{"self":[{"href":"https:\/\/heimatverein-freckenhorst.de\/1175\/wp-json\/wp\/v2\/pages\/351","targetHints":{"allow":["GET"]}}],"collection":[{"href":"https:\/\/heimatverein-freckenhorst.de\/1175\/wp-json\/wp\/v2\/pages"}],"about":[{"href":"https:\/\/heimatverein-freckenhorst.de\/1175\/wp-json\/wp\/v2\/types\/page"}],"author":[{"embeddable":true,"href":"https:\/\/heimatverein-freckenhorst.de\/1175\/wp-json\/wp\/v2\/users\/1"}],"replies":[{"embeddable":true,"href":"https:\/\/heimatverein-freckenhorst.de\/1175\/wp-json\/wp\/v2\/comments?post=351"}],"version-history":[{"count":8,"href":"https:\/\/heimatverein-freckenhorst.de\/1175\/wp-json\/wp\/v2\/pages\/351\/revisions"}],"predecessor-version":[{"id":3289,"href":"https:\/\/heimatverein-freckenhorst.de\/1175\/wp-json\/wp\/v2\/pages\/351\/revisions\/3289"}],"up":[{"embeddable":true,"href":"https:\/\/heimatverein-freckenhorst.de\/1175\/wp-json\/wp\/v2\/pages\/239"}],"wp:attachment":[{"href":"https:\/\/heimatverein-freckenhorst.de\/1175\/wp-json\/wp\/v2\/media?parent=351"}],"curies":[{"name":"wp","href":"https:\/\/api.w.org\/{rel}","templated":true}]}}