{"id":345,"date":"2025-09-28T15:53:15","date_gmt":"2025-09-28T13:53:15","guid":{"rendered":"http:\/\/localhost\/wordpress\/?page_id=345"},"modified":"2026-03-25T21:18:12","modified_gmt":"2026-03-25T20:18:12","slug":"herrh","status":"publish","type":"page","link":"https:\/\/heimatverein-freckenhorst.de\/1175\/programmpunkte\/herrh\/","title":{"rendered":"Mitmachkonzert &#8222;herrH&#8220;"},"content":{"rendered":"<div data-colibri-id=\"345-c1\" class=\"style-537 style-local-345-c1 position-relative\">\n  <!---->\n  <div data-colibri-component=\"section\" data-colibri-id=\"345-c15\" id=\"blank\" class=\"h-section h-section-global-spacing d-flex align-items-lg-center align-items-md-center align-items-center style-762 style-local-345-c15 position-relative\">\n    <!---->\n    <!---->\n    <div class=\"h-section-grid-container h-section-fluid-container\">\n      <!---->\n      <div data-colibri-id=\"345-c16\" class=\"h-row-container gutters-row-lg-2 gutters-row-md-2 gutters-row-0 gutters-row-v-lg-2 gutters-row-v-md-2 gutters-row-v-2 style-763 style-local-345-c16 position-relative\">\n        <!---->\n        <div class=\"h-row justify-content-lg-center justify-content-md-center justify-content-center align-items-lg-stretch align-items-md-stretch align-items-stretch gutters-col-lg-2 gutters-col-md-2 gutters-col-0 gutters-col-v-lg-2 gutters-col-v-md-2 gutters-col-v-2\">\n          <!---->\n          <div class=\"h-column h-column-container d-flex h-col-lg-auto h-col-md-auto h-col-auto style-764-outer style-local-345-c17-outer\">\n            <div data-colibri-id=\"345-c17\" class=\"d-flex h-flex-basis h-column__inner h-px-lg-2 h-px-md-2 h-px-2 v-inner-lg-2 v-inner-md-2 v-inner-2 style-764 style-local-345-c17 position-relative\">\n              <!---->\n              <!---->\n              <div class=\"w-100 h-y-container h-column__content h-column__v-align flex-basis-100 align-self-lg-start align-self-md-start align-self-start\">\n                <!---->\n                <div data-colibri-id=\"345-c24\" class=\"h-global-transition-all h-heading style-771 style-local-345-c24 position-relative h-element\">\n                  <!---->\n                  <div class=\"h-heading__outer style-771 style-local-345-c24\">\n                    <!---->\n                    <!---->\n                    <h2 class=\"\">Das Konzert f\u00fcr die ganze Familie<\/h2>\n                  <\/div>\n                <\/div>\n              <\/div>\n            <\/div>\n          <\/div>\n        <\/div>\n      <\/div>\n      <div data-colibri-id=\"345-c25\" class=\"h-row-container gutters-row-lg-3 gutters-row-md-3 gutters-row-0 gutters-row-v-lg-3 gutters-row-v-md-3 gutters-row-v-3 style-772 style-local-345-c25 position-relative\">\n        <!---->\n        <div class=\"h-row justify-content-lg-start justify-content-md-start justify-content-start align-items-lg-center align-items-md-center align-items-center gutters-col-lg-3 gutters-col-md-3 gutters-col-0 gutters-col-v-lg-3 gutters-col-v-md-3 gutters-col-v-3\">\n          <!---->\n          <div class=\"h-column h-column-container d-flex h-col-lg-auto h-col-md-auto h-col-auto align-self-lg-center align-self-md-center align-self-center style-773-outer style-local-345-c26-outer\">\n            <div data-colibri-id=\"345-c26\" class=\"d-flex h-flex-basis h-column__inner h-px-lg-3 h-px-md-3 h-px-3 v-inner-lg-3 v-inner-md-3 v-inner-3 style-773 style-local-345-c26 position-relative\">\n              <!---->\n              <!---->\n              <div class=\"w-100 h-y-container h-column__content h-column__v-align flex-basis-100 align-self-lg-center align-self-md-center align-self-center\">\n                <!---->\n                <div data-colibri-id=\"345-c28\" class=\"h-text h-text-component style-775 style-local-345-c28 position-relative h-element\">\n                  <!---->\n                  <!---->\n                  <div class=\"\">\n                    <p>Wenn das erste Konzert zu einem ganz gro\u00dfen Erlebnis im Leben der Kleinen wird. Wenn Kinder und Eltern gemeinsam ausgelassen tanzen, feiern und Ihre Stimmb\u00e4nder einem echten H\u00e4rtetest unterziehen. Wenn der Mitmach-Faktor gro\u00dfgeschrieben\n                      wird und nicht nur die Tanzbeine, sondern auch kleine und gro\u00dfe Herzen bewegt werden. Dann kann nur einer auf der B\u00fchne stehen: herrH, der Familiensoundtrack auf zwei Beinen, der ganz genau wei\u00df, wie man ein Kinderkonzert zu einem\n                      unvergesslichen Moment werden l\u00e4sst.<\/p>\n                    <p>Er definiert den Begriff \u201eKinderkonzert\u201c neu und macht daraus kurzerhand ein Familienkonzert mit Wow-Faktor. Bis zu 200-mal im Jahr l\u00e4dt er Kinder und Eltern von der Ostsee bis zu den Alpen dazu ein, mit ihm und einer Extraportion\n                      Konfetti, Nebel, Kuscheltier Stagedive und dicken B\u00e4ssen im Bauch eine XXL-Familyparty zu feiern. Jede Menge \u201eNeue Deutsche Kindermusik\u201c und Hits wie \u201eEmma, die Ente, die ewig verpennte\u201c oder \u201eRaffi, die Giraffe\u201c d\u00fcrfen auf keiner\n                      herrH-Setlist fehlen. Weit mehr als 100 Millionen Streams seiner Songs sowie Auftritte mit bekannten Popstars bei Festivals und TV-Sendern wie KIKA beweisen eindrucksvoll: herrH ist aus dem Leben der Familien nicht mehr wegzudenken\n                      und will nicht nur den Kleinen unvergessliche Live-Momente bescheren \u2013 auch die Gro\u00dfen sollen sich bei seinen Konzerten wohl f\u00fchlen und nochmal Kind sein d\u00fcrfen.<\/p>\n                    <p>Stundenlange Foto-Sessions und Autogrammstunden und ein dickes \u201eHigh5\u201c mit jedem einzelnen Fan geh\u00f6ren f\u00fcr herrH zu einem gelungenen Konzert aus dem auch er seine Energie sch\u00f6pft, die er beim n\u00e4chsten Konzert an Familien weitergibt.\n                      Denn das wohl sch\u00f6nste Kompliment f\u00fcr den Vollblutmusiker ist es, wenn seine kleinen Riesen-Fans ihre Eltern abends vorm Einschlafen im Bett die Frage aller Fragen stellen: \u201eGehen wir morgen wieder auf ein herrH-Konzert?\u201c Vielleicht\n                      nicht morgen, aber definitiv beim n\u00e4chsten Mal, wenn es wieder hei\u00dft \u201ehurra, hurra, herrH ist da!\u201c<\/p>\n                  <\/div>\n                <\/div>\n              <\/div>\n            <\/div>\n          <\/div>\n          <div class=\"h-column h-column-container d-flex h-col-lg-auto h-col-md-auto h-col-auto align-self-lg-center align-self-md-center align-self-center style-782-outer style-local-345-c35-outer\">\n            <div data-colibri-id=\"345-c35\" class=\"d-flex h-flex-basis h-column__inner h-ui-empty-state-container h-px-lg-3 h-px-md-3 h-px-3 v-inner-lg-3 v-inner-md-3 v-inner-3 style-782 style-local-345-c35 position-relative\">\n              <!---->\n              <!---->\n              <div class=\"w-100 h-y-container h-column__content h-column__v-align flex-basis-100\">\n                <!---->\n              <\/div>\n            <\/div>\n          <\/div>\n          <div class=\"h-column h-column-container d-flex h-col-lg-auto h-col-md-auto h-col-auto align-self-lg-center align-self-md-center align-self-center style-786-outer style-local-345-c39-outer\">\n            <div data-colibri-id=\"345-c39\" class=\"d-flex h-flex-basis h-column__inner h-px-lg-1 h-px-md-1 h-px-1 v-inner-lg-1 v-inner-md-1 v-inner-1 style-786 style-local-345-c39 position-relative\">\n              <!---->\n              <!---->\n              <div class=\"w-100 h-y-container h-column__content h-column__v-align flex-basis-100 align-self-lg-center align-self-md-center align-self-center\">\n                <!---->\n                <div data-colibri-id=\"345-c9\" class=\"d-block style-550 style-local-345-c9 position-relative h-element\">\n                  <!---->\n                  <div class=\"h-image__frame-container-outer\">\n                    <div class=\"h-image__frame-container\">\n                      <!---->\n                      <!---->\n                      <img loading=\"lazy\" decoding=\"async\" width=\"632\" height=\"346\" src=\"https:\/\/heimatverein-freckenhorst.de\/1175\/wp-content\/uploads\/2025\/09\/Logo-3.png\" class=\"wp-image-358 style-550-image style-local-345-c9-image\" alt=\"\" \/>\n                      <div class=\"h-image__frame h-hide-lg h-hide-md h-hide-sm style-550-frameImage style-local-345-c9-frameImage\"><\/div>\n                    <\/div>\n                  <\/div>\n                <\/div>\n                <div data-colibri-id=\"345-c29\" class=\"d-block style-776 style-local-345-c29 position-relative h-element\">\n                  <!---->\n                  <div class=\"h-image__frame-container-outer\">\n                    <div class=\"h-image__frame-container\">\n                      <!---->\n                      <!---->\n                      <img loading=\"lazy\" decoding=\"async\" width=\"1500\" height=\"1500\" src=\"https:\/\/heimatverein-freckenhorst.de\/1175\/wp-content\/uploads\/2025\/09\/Bild-3.jpg\" class=\"wp-image-355 style-776-image style-local-345-c29-image\" alt=\"\" \/>\n                      <div class=\"h-image__frame style-776-frameImage style-local-345-c29-frameImage\"><\/div>\n                    <\/div>\n                  <\/div>\n                <\/div>\n              <\/div>\n            <\/div>\n          <\/div>\n        <\/div>\n      <\/div>\n      <div data-colibri-id=\"345-c30\" class=\"h-row-container gutters-row-lg-2 gutters-row-md-2 gutters-row-0 gutters-row-v-lg-2 gutters-row-v-md-2 gutters-row-v-2 style-777 style-local-345-c30 position-relative\">\n        <!---->\n        <div class=\"h-row justify-content-lg-center justify-content-md-center justify-content-center align-items-lg-stretch align-items-md-stretch align-items-stretch gutters-col-lg-2 gutters-col-md-2 gutters-col-0 gutters-col-v-lg-2 gutters-col-v-md-2 gutters-col-v-2\">\n          <!---->\n          <div class=\"h-column h-column-container d-flex h-col-lg-auto h-col-md-auto h-col-auto style-778-outer style-local-345-c31-outer\">\n            <div data-colibri-id=\"345-c31\" class=\"d-flex h-flex-basis h-column__inner h-px-lg-2 h-px-md-2 h-px-2 v-inner-lg-2 v-inner-md-2 v-inner-2 style-778 style-local-345-c31 position-relative\">\n              <!---->\n              <!---->\n              <div class=\"w-100 h-y-container h-column__content h-column__v-align flex-basis-100 align-self-lg-center align-self-md-center align-self-center\">\n                <!---->\n                <div data-colibri-id=\"345-c34\" class=\"h-global-transition-all h-heading style-781 style-local-345-c34 position-relative h-element\">\n                  <!---->\n                  <div class=\"h-heading__outer style-781 style-local-345-c34\">\n                    <!---->\n                    <!---->\n                    <h4 class=\"\">Auftritt am Samstag, den 2. Mai 2026, um 14:30 Uhr auf dem Kirchplatz<\/h4>\n                  <\/div>\n                <\/div>\n              <\/div>\n            <\/div>\n          <\/div>\n        <\/div>\n      <\/div>\n    <\/div>\n  <\/div>\n<\/div>","protected":false},"excerpt":{"rendered":"<p>Das Konzert f\u00fcr die ganze Familie Wenn das erste Konzert zu einem ganz [&hellip;]<\/p>\n","protected":false},"author":1,"featured_media":0,"parent":239,"menu_order":4,"comment_status":"closed","ping_status":"closed","template":"page-templates\/full-width-page.php","meta":{"footnotes":""},"class_list":["post-345","page","type-page","status-publish","hentry"],"_links":{"self":[{"href":"https:\/\/heimatverein-freckenhorst.de\/1175\/wp-json\/wp\/v2\/pages\/345","targetHints":{"allow":["GET"]}}],"collection":[{"href":"https:\/\/heimatverein-freckenhorst.de\/1175\/wp-json\/wp\/v2\/pages"}],"about":[{"href":"https:\/\/heimatverein-freckenhorst.de\/1175\/wp-json\/wp\/v2\/types\/page"}],"author":[{"embeddable":true,"href":"https:\/\/heimatverein-freckenhorst.de\/1175\/wp-json\/wp\/v2\/users\/1"}],"replies":[{"embeddable":true,"href":"https:\/\/heimatverein-freckenhorst.de\/1175\/wp-json\/wp\/v2\/comments?post=345"}],"version-history":[{"count":8,"href":"https:\/\/heimatverein-freckenhorst.de\/1175\/wp-json\/wp\/v2\/pages\/345\/revisions"}],"predecessor-version":[{"id":2522,"href":"https:\/\/heimatverein-freckenhorst.de\/1175\/wp-json\/wp\/v2\/pages\/345\/revisions\/2522"}],"up":[{"embeddable":true,"href":"https:\/\/heimatverein-freckenhorst.de\/1175\/wp-json\/wp\/v2\/pages\/239"}],"wp:attachment":[{"href":"https:\/\/heimatverein-freckenhorst.de\/1175\/wp-json\/wp\/v2\/media?parent=345"}],"curies":[{"name":"wp","href":"https:\/\/api.w.org\/{rel}","templated":true}]}}